 2, 0 = -l - z*h + 34. What is the units digit of l?
9
Suppose -3*i + 0*i + 20 = b, i - 10 = -2*b. What is the units digit of (-116)/(-14) + i/(-21)?
8
Let z(s) = s**3 - 16*s**2 - 32*s - 19. What is the tens digit of z(18)?
5
Suppose -103 = -3*k + 8. What is the units digit of k?
7
Let r(c) = c + 1. Let v be r(-1). Suppose -5*q + q + 44 = v. What is the units digit of q?
1
Suppose 5*a = a + 916. Suppose 4*y + a = -51. What is the units digit of 2/(-3) - y/15?
4
Suppose j - 5*n = -0*n - 13, 5*n = 3*j + 9. What is the tens digit of 20 - (-1)/((-1)/j)?
1
Let a = 33 - 23. What is the units digit of a?
0
What is the units digit of 58*2 + 2 + 0 + -1?
7
Let p = -26 + 27. What is the units digit of p?
1
Let p be 2/(-3) - (-24)/9. Let h = p - -1. What is the units digit of h?
3
Let i = -5 - -9. What is the units digit of i?
4
Suppose -18 = -2*p - p. Let s(k) = 26*k + 1. Let o be s(1). Suppose p*m - o = 3*m. What is the units digit of m?
9
What is the hundreds digit of (-1 - 0/(-1))/((-23)/5359)?
2
Let c(s) = -s**2 + 5*s - 3. Let k be (-13)/(-5) + (-2)/(-5). Let u be c(k). What is the units digit of (u/(-3))/(1/(-3))?
3
Let c(z) = -35*z - 1. Let n be c(-3). What is the units digit of n/10 - (-4)/(-10)?
0
Suppose 2*y - 7 = y. What is the units digit of y?
7
Suppose 3*n - 91 = 5*h, 0*n - 5*h + 63 = 4*n. What is the units digit of n?
2
Suppose 0 = -2*q - 0*q + 16. What is the tens digit of ((-12)/1)/(q/(-12))?
1
Let n(j) be the first derivative of j**5/20 + 3*j**4/4 - j**3/6 - j**2/2 + j + 1. Let z(v) be the first derivative of n(v). What is the units digit of z(-9)?
8
Suppose 5*n - 6 = -1. What is the units digit of n + 2 - 3/3?
2
Suppose -2*h - 4*l + 0*l - 6 = 0, -l = 4*h - 16. Let g be 6/2 - (h - -5). What is the units digit of (-27)/g - (-3)/21?
4
Let w(p) be the first derivative of 2*p**3/3 + 4*p**2 + 9*p + 8. What is the tens digit of w(-6)?
3
Suppose -2*z = 3*a - a - 62, 0 = -3*a - z + 101. Let w = a + -14. What is the units digit of w?
1
Suppose 2 = -5*g + 17. Suppose 2*j = g*j - 7. What is the units digit of j?
7
Suppose 6*i - 1278 = -48. Suppose i = 5*s + 5*x, -5*x + 79 = -0*s + 2*s. What is the units digit of s?
2
Let b(h) = h**3 + h - 40. Let z be (-5)/((-15)/(-9)) - -3. Let c be b(z). What is the units digit of (-24)/(-20)*c/(-6)?
8
Let t = -6 + -34. Let q = -21 - t. What is the units digit of q?
9
Let k = -52 - -124. What is the tens digit of k?
7
Let i be 2*(-4)/((-8)/3). Let l(h) = h**2 - 9*h + 1. Let u(t) = 2*t**2 - 10*t + 2. Let d(z) = i*l(z) - 2*u(z). What is the units digit of d(-6)?
5
Suppose -4*x = -q + 57, 2*x + 8 = -2*x. Let p = 91 - q. Suppose 4*m - m - 19 = -5*k, 2*k + p = 5*m. What is the units digit of m?
8
Let d(j) = j**3 + 8*j**2 + 3*j - 8. Suppose l + 24 = -4*r - 9, -4*l - 41 = 3*r. What is the units digit of d(r)?
0
Let j = 355 - 117. What is the tens digit of j?
3
Suppose 0 = -9*i + 8*i + 12. What is the units digit of i?
2
Suppose 2*m = -0*m + 12. Suppose -2*u = 5*j - 6*u - 60, -j + 2*u = -m. What is the units digit of j?
6
Let w(g) = 4*g - 12. What is the units digit of w(5)?
8
Let p(u) = -2*u**3 + u**2 - 1. Let s be p(-1). Suppose -s*i + 25 = 3*i. Suppose 0*c - 35 = -i*c. What is the units digit of c?
7
Suppose -1077 - 223 = -5*i. What is the tens digit of i?
6
Let l = -4 - -6. What is the units digit of (-15)/(-6)*2 + l?
7
Let w = -15 - -19. What is the units digit of w?
4
Let m be (-3)/((-9)/78) - 2. Let b be 1*-1 + -1 + 4. Suppose -3*j = -5*q - m, -4*j = -2*j - b*q - 16. What is the units digit of j?
8
What is the units digit of (-242)/(-2*(1 - 0))?
1
Let n = 11 - -7. What is the units digit of n?
8
Suppose 5*p - 6 - 14 = 0, -4*m - p = 320. What is the tens digit of 16/(-3)*m/36?
1
Let g be (-2)/(-3) + (-76)/(-3). Let f = 51 - g. What is the tens digit of f?
2
Suppose 8*q - 5*q + g = 1079, -2*g = -10. What is the tens digit of q?
5
Let j(w) = -w**2 + 9*w - 6. Let o be j(4). Suppose 5*b - o = 11. Suppose 11 + 14 = b*l. What is the units digit of l?
5
Let m(p) be the first derivative of -p**3/3 + 3*p**2 - 3*p + 2. Let f be m(4). Suppose -11 = -j - f*y, j + j - 4 = -y. What is the units digit of j?
1
Let d be (-590)/22 - 6/33. Let i = -14 - d. What is the units digit of i?
3
Let u(o) = o + 7. Let p be u(-5). Let a(g) be the third derivative of g**5/60 + g**4/24 - g**3/6 + g**2. What is the units digit of a(p)?
5
Let n = 12 - 15. What is the units digit of (3/(-2))/(n/6)?
3
Suppose -4*m = -4*r - 0*r + 12, -19 = -2*m - 3*r. Suppose -1 + 3 = m*h. What is the units digit of h?
1
Suppose 3*c + 307 = 4*c. What is the units digit of c?
7
What is the tens digit of (-108)/(-5) + (-2)/(-5)?
2
What is the units digit of (-28)/(-126) + (-1904)/(-18)?
6
What is the tens digit of (-39)/2*-2 - 0?
3
Suppose 6*r = 4*r + 8. What is the units digit of (-10)/r*(-16)/5?
8
Let g be (-1 + -14)*(-12)/30. Suppose -g = v - 3*l, -4*l - l = 5*v - 50. What is the units digit of v?
6
Let i be (-4)/(-14) - (-248)/14. Let g = 28 - i. What is the units digit of g?
0
Let b(u) = u**2 - 8*u + 5. Let a be b(-6). Let g = 125 - a. What is the tens digit of g?
3
Let s be (0 - -2) + -1 - -4. Suppose 4*w = 5*q + 5, -2*w = q - 0*q + 1. Suppose w = s*c - c - 20. What is the units digit of c?
5
Let s = 6 + -5. Let i(n) = 21*n**2. Let c be i(s). What is the units digit of 99/c - 4/(-14)?
5
Let t = -1 - -7. What is the units digit of (-11)/((t/(-2))/3)?
1
What is the tens digit of 7/(-7) + 0 + 33?
3
Suppose -5*i + 141 = 4*l, -l - 4*l + 2*i = -135. What is the units digit of (-3)/(2 + (-61)/l)?
9
Suppose 53*f - 51*f - 86 = 0. What is the units digit of f?
3
Suppose 0 = -5*v - 3*c + 6 + 69, 0 = -4*v + 4*c + 92. Suppose -p + 3*y + v = 0, p - 4*p + 68 = 5*y. What is the units digit of p?
1
Suppose -189 = -7*c + 4*c. What is the units digit of c?
3
Let g = -600 - -857. What is the hundreds digit of g?
2
Let x be 0/((-3)/((-3)/2)). Suppose x = -0*m - 5*m + 30. What is the units digit of m?
6
Let t = -2 + -1. Let q = t - -8. Suppose q*a - 78 = 17. What is the tens digit of a?
1
What is the tens digit of -2 - (590/(-5) + -1)?
1
Suppose 4*r + 1 = -27. Let y be 1*(-1 - 2 - r). Suppose -y*k + 6 = -2*a, -5*a + 3*k - 1 + 0 = 0. What is the units digit of a?
1
Let a be (-2)/(-3 + 1) + 4. Let o = -2 + a. Suppose 36 = 6*d - o*d. What is the tens digit of d?
1
Let u be 0/(-3) + (-1 - 3). What is the units digit of (-8)/(7/(70/u))?
0
Suppose 56 = 5*f - 10*a + 8*a, -f - 4*a = 2. What is the units digit of f?
0
Suppose 3*i - 2*r + 41 = -r, -5*i + 4*r - 80 = 0. Let u = -8 - i. What is the units digit of u?
4
Let p(g) = 5*g - 4. What is the tens digit of p(7)?
3
Suppose -f + 424 = f. Suppose -f = -2*m - 2*m. What is the units digit of m?
3
Let w(j) = -6*j. Let z be w(-2). Let i = 11 + z. What is the tens digit of i?
2
Let m be (2 - 12)/(2/(-27)). What is the units digit of ((-12)/20)/((-3)/m)?
7
Let i = 75 - 34. What is the tens digit of i?
4
Let j(o) = -4*o**2 + 2 - 6 + 2*o**3 - 4*o**3 + 2 - 3*o. What is the units digit of j(-2)?
4
Let g = 8 + -4. Suppose g*j - 78 = -14. What is the tens digit of j?
1
What is the tens digit of (2/2)/((-11)/(-385))?
3
Suppose 0 = 5*d + 496 + 164. Let l = -78 - d. What is the units digit of (-6)/(-9)*l/4?
9
Let n(w) = -3*w**3 + 2*w**3 - 7*w + 6*w + 2 + 4*w**2. What is the units digit of n(2)?
8
Let b = -7 - -43. What is the tens digit of b?
3
Let h(q) = q**2 - 2*q + 6. Let a be h(4). Let r = a - 3. What is the units digit of r?
1
Let v be (-2)/(5 + -3) + 23. Suppose f - v = -j - j, 20 = f + j. What is the units digit of f?
8
Let p = -7 - -6. Let n = p + 33. What is the units digit of n?
2
Let i = 0 - -2. Suppose -p - i = 0, 34 = 4*o - 0*o + 3*p. What is the units digit of o?
0
Suppose -3*v = a + 2 - 1, -a = -3*v - 23. What is the units digit of a?
1
Suppose 0*l + 2*l - 5*x = -8, -16 = -4*x. What is the units digit of (-30)/(-2)*8/l?
0
Let r(b) = -b**3 + 11*b**2 - 5*b - 28. What is the hundreds digit of r(8)?
1
Let c = 8 + 10. What is the units digit of (-2)/(-9) + 320/c?
8
Let l be -4*(-5 + (-27)/(-6)). Let a(h) = -h**3 + 5*h**2 + h - 5. Let p be a(5). Suppose p = -l*v + 13 + 25. What is the units digit of v?
9
Suppose 3*i = -4*u + 55, -2*i + 4*u + 50 = -0*i. What is the tens digit of i?
2
Let j be (-11)/(-33) - (-20)/3. Let l(w) = 0*w**3 - 8 - w**3 +